ime?
True
Is 206611 composite?
True
Is 1514 composite?
True
Is 813931 composite?
False
Is 630797 prime?
True
Is 610327 prime?
True
Is 4406 a composite number?
True
Is 112531 a prime number?
False
Is 99551 prime?
True
Is 269095 prime?
False
Is 48883 a composite number?
False
Is 1639 a composite number?
True
Is 20057 composite?
True
Is 115279 a prime number?
True
Is 14809 composite?
True
Is 8353 composite?
False
Is 526487 composite?
True
Is 3259 composite?
False
Is 1213 prime?
True
Is 3593 composite?
False
Is 329179 composite?
True
Is 133183 a composite number?
False
Is 27781 a prime number?
False
Is 18329 a prime number?
True
Is 10091 a composite number?
False
Is 14029 composite?
False
Is 22909 prime?
False
Is 104866 a prime number?
False
Is 181069 composite?
True
Is 1134389 a composite number?
False
Is 29789 a prime number?
True
Is 809 composite?
False
Is 187949 prime?
False
Is 134639 prime?
True
Is 359638 prime?
False
Is 1863329 a composite number?
True
Is 1182193 composite?
True
Is 203839 a prime number?
False
Is 331367 a composite number?
False
Is 38299 a composite number?
False
Is 72913 composite?
True
Is 17609 a prime number?
True
Is 1028837 composite?
False
Is 4547 a prime number?
True
Is 926077 a composite number?
False
Is 17647 a composite number?
True
Is 188987 composite?
True
Is 9511 a composite number?
False
Is 3079 a composite number?
False
Is 32847 composite?
True
Is 36469 composite?
False
Is 9599 composite?
True
Is 928399 a prime number?
True
Is 6401 a prime number?
False
Is 168673 composite?
False
Is 35521 a prime number?
True
Is 457667 composite?
True
Is 42641 prime?
True
Is 3224647 a prime number?
True
Is 6599 prime?
True
Is 9029 composite?
False
Is 4177 a composite number?
False
Is 11885 a prime number?
False
Is 20141 composite?
True
Is 3403 composite?
True
Is 2700817 a prime number?
False
Is 42215 a prime number?
False
Is 18673 a prime number?
False
Is 23501 composite?
True
Is 5039 prime?
True
Is 36017 composite?
False
Is 18201 a composite number?
True
Is 33095 a composite number?
True
Is 2261885 composite?
True
Is 280138 a prime number?
False
Is 112829 prime?
False
Is 320317 a composite number?
False
Is 38267 prime?
False
Is 1160245 prime?
False
Is 227391 composite?
True
Is 633 composite?
True
Is 352977 a prime number?
False
Is 75979 composite?
False
Is 463767 prime?
False
Is 310627 a composite number?
False
Is 56149 a composite number?
False
Is 1471 a composite number?
False
Is 38543 prime?
True
Is 381155 prime?
False
Is 99087 prime?
False
Is 39982 composite?
True
Is 34739 a composite number?
False
Is 91283 a composite number?
False
Is 10529 a prime number?
True
Is 23677 a prime number?
True
Is 25657 a composite number?
False
Is 74219 prime?
True
Is 5586161 a prime number?
False
Is 17623 a prime number?
True
Is 4413 a prime number?
False
Is 3277 composite?
True
Is 15517 a prime number?
False
Is 478411 a prime number?
True
Is 21026 prime?
False
Is 79861 a composite number?
False
Is 26669 a composite number?
False
Is 123545 a composite number?
True
Is 8071 a composite number?
True
Is 165247 composite?
False
Is 11499 composite?
True
Is 39439 composite?
False
Is 27329 a prime number?
True
Is 13387 a composite number?
True
Is 77383 a prime number?
True
Is 1633 prime?
False
Is 2881 a composite number?
True
Is 937689 composite?
True
Is 319069 composite?
False
Is 28039 composite?
True
Is 1960847 composite?
True
Is 73099 a composite number?
True
Is 38939 prime?
False
Is 36111 prime?
False
Is 7561 a composite number?
False
Is 2509253 a prime number?
True
Is 13907 composite?
False
Is 40421 composite?
True
Is 59611 a prime number?
True
Is 323891 a prime number?
False
Is 61241 prime?
False
Is 1455551 a composite number?
True
Is 604334 a composite number?
True
Is 77089 a composite number?
True
Is 5209 a composite number?
False
Is 37951 a composite number?
False
Is 3223 prime?
False
Is 31429 prime?
False
Is 157721 composite?
False
Is 16495 prime?
False
Is 5519 composite?
False
Is 93479 prime?
True
Is 13739 a prime number?
False
Is 8597 composite?
False
Is 3611 a prime number?
False
Is 19613 prime?
False
Is 124213 a prime number?
True
Is 16129 prime?
False
Is 117485 prime?
False
Is 409427 a composite number?
True
Is 83299 a composite number?
False
Is 27733 a prime number?
True
Is 47459 prime?
True
Is 1117 composite?
False
Is 11437 a composite number?
False
Is 169627 a composite number?
False
Is 211039 composite?
False
Is 124631 composite?
True
Is 324686 a prime number?
False
Is 446909 a prime number?
True
Is 706349 prime?
False
Is 3761 a prime number?
True
Is 46237 a composite number?
False
Is 1979521 composite?
True
Is 73001 a prime number?
False
Is 13043 a prime number?
True
Is 29567 a prime number?
True
Is 42923 prime?
True
Is 179083 prime?
True
Is 1863651 prime?
False
Is 222773 prime?
True
Is 485819 a prime number?
True
Is 582713 composite?
True
Is 3126269 prime?
True
Is 11589 composite?
True
Is 1651 prime?
False
Is 32831 a composite number?
False
Is 3579 a composite number?
True
Is 7985 a composite number?
True
Is 18743 composite?
False
Is 81847 a prime number?
True
Is 33431 composite?
True
Is 208061 a prime number?
False
Is 4181 composite?
True
Is 4643 a prime number?
True
Is 51123 composite?
True
Is 2503 composite?
False
Is 35201 prime?
True
Is 404597 a composite number?
False
Is 5311 a composite number?
True
Is 66179 a composite number?
False
Is 362567 prime?
False
Is 14131 prime?
False
Is 71161 a composite number?
False
Is 991 a prime number?
True
Is 369407 composite?
False
Is 120041 composite?
False
Is 249877 a prime number?
False
Is 9671 a prime number?
False
Is 67937 a prime number?
False
Is 147517 a prime number?
True
Is 1996271 a composite number?
True
Is 149843 a prime number?
False
Is 50889 a composite number?
True
Is 416089 a composite number?
False
Is 6469 a prime number?
True
Is 5161 a prime number?
False
Is 701083 a prime number?
False
Is 1703627 prime?
True
Is 193111 prime?
False
Is 228923 a composite number?
False
Is 257309 a composite number?
True
Is 324245 composite?
True
Is 19961 a prime number?
True
Is 3163 a prime number?
True
Is 145645 a composite number?
True
Is 24789 composite?
True
Is 29749 composite?
True
Is 100319 a composite number?
True
Is 174553 composite?
True
Is 19531 composite?
False
Is 7249 a composite number?
True
Is 1699597 a prime number?
True
Is 16963 prime?
True
Is 791 a prime number?
False
Is 581169 prime?
False
Is 39293 prime?
True
Is 34169 a composite number?
True
Is 350711 a prime number?
True
Is 90205 a composite number?
True
Is 1847 prime?
True
Is 95189 prime?
True
Is 42953 a composite number?
False
Is 556717 a prime number?
False
Is 201307 composite?
False
Is 2867 a prime number?
False
Is 169307 prime?
True
Is 12521 prime?
False
Is 347783 a composite number?
True
Is 6229 composite?
False
Is 10077 prime?
False
Is 3251 prime?
True
Is 1361 a composite number?
False
Is 181339 a prime number?
False
Is 753 a prime number?
False
Is 155059 prime?
False
Is 24233 a composite number?
True
Is 1346 a composite number?
True
Is 261959 a composite number?
False
Is 74843 prime?
True
Is 4732361 a composite number?
False
Is 78473 a composite number?
True
Is 85363 composite?
False
Is 8581 composite?
False
Is 171131 composite?
False
Is 24317 prime?
True
Is 26473 composite?
True
Is 177 a composite number?
True
Is 259027 a prime number?
False
Is 751 a prime number?
True
Is 1104511 a prime number?
True
Is 44755 prime?
False
Is 547121 a composite number?
False
Is 380417 a composite number?
False
Is 5493935 composite?
True
Is 150631 a prime number?
False
Is 98357 prime?
False
Is 1003241 a prime number?
True
Is 520099 a composite number?
True
Is 52651 prime?
False
Is 144581 a composite number?
True
Is 1623 prime?
False
Is 594857 composite?
False
Is 22535 a composite number?
True
Is 12491 composite?
False
Is 90437 a composite number?
False
Is 1282109 a composite number?
False
Is 157991 composite?
False
Is 44903 composite?
True
Is 619303 prime?
True
Is 1201 a prime number?
True
Is 197242 prime?
False
Is 15233 a composite number?
False
Is 866409 a composite number?
True
Is 2177 a prime number?
False
Is 10847 composite?
False
Is 76009 composite?
True
Is 124121 a composite number?
False
Is 161963 prime?
False
Is 2